{"id":42,"date":"2024-06-29T13:56:20","date_gmt":"2024-06-29T11:56:20","guid":{"rendered":"https:\/\/webnakluc.inuel.sk\/?page_id=42"},"modified":"2024-06-29T14:15:31","modified_gmt":"2024-06-29T12:15:31","slug":"elementor-42","status":"publish","type":"page","link":"https:\/\/webnakluc.inuel.sk\/index.php\/elementor-42\/","title":{"rendered":"Elementor #42"},"content":{"rendered":"<style>\/*! elementor - v3.22.0 - 26-06-2024 *\/\n.elementor-heading-title{padding:0;margin:0;line-height:1}.elementor-widget-heading .elementor-heading-title[class*=elementor-size-]>a{color:inherit;font-size:inherit;line-height:inherit}.elementor-widget-heading .elementor-heading-title.elementor-size-small{font-size:15px}.elementor-widget-heading .elementor-heading-title.elementor-size-medium{font-size:19px}.elementor-widget-heading .elementor-heading-title.elementor-size-large{font-size:29px}.elementor-widget-heading .elementor-heading-title.elementor-size-xl{font-size:39px}.elementor-widget-heading .elementor-heading-title.elementor-size-xxl{font-size:59px}<\/style>\n<h1>Web na k\u013e\u00fa\u010d<\/h1>\n<p>Vysklad\u00e1me V\u00e1\u0161 web ako Lego<\/p>\n<p>\t\t\t<a href=\"#\"><br \/>\n\t\t\t\t\t\t\t\t\tCall to Action<br \/>\n\t\t\t\t\t<\/a><\/p>\n<h2>\u00davodn\u00e1 \u010das\u0165<\/h2>\n<p>Prv\u00fd dojem je d\u00f4le\u017eit\u00fd, najm\u00e4 na webovej str\u00e1nke. Aby ste motivovali z\u00e1kazn\u00edkov a pril\u00e1kali ich k preh\u013abeniu prehliadania v\u00e1\u0161ho webu, mus\u00edte vedie\u0165, \u010do je \u00favodn\u00e1 sekcia.<\/p>\n<p>                                                <button data-filter=\"*\">V\u0161etky<\/button><br \/>\n                        <button data-filter=\".kat-1\">kat 1<\/button><button data-filter=\".kat-2\">kat 2<\/button><button data-filter=\".branding\">branding<\/button><button data-filter=\".development\">development<\/button><button data-filter=\".design\">design<\/button><br \/>\n                                                        <a href=\"https:\/\/webnakluc.inuel.sk\/wp-content\/plugins\/exclusive-addons-for-elementor\/assets\/img\/placeholder.png\" data-elementor-open-lightbox=\"default\" data-elementor-lightbox-slideshow=\"ca47254\" data-elementor-lightbox-index=\"0\"><br \/>\n                                                            <svg aria-hidden=\"true\" viewBox=\"0 0 512 512\" xmlns=\"http:\/\/www.w3.org\/2000\/svg\"><path d=\"M505 442.7L405.3 343c-4.5-4.5-10.6-7-17-7H372c27.6-35.3 44-79.7 44-128C416 93.1 322.9 0 208 0S0 93.1 0 208s93.1 208 208 208c48.3 0 92.7-16.4 128-44v16.3c0 6.4 2.5 12.5 7 17l99.7 99.7c9.4 9.4 24.6 9.4 33.9 0l28.3-28.3c9.4-9.4 9.4-24.6.1-34zM208 336c-70.7 0-128-57.2-128-128 0-70.7 57.2-128 128-128 70.7 0 128 57.2 128 128 0 70.7-57.2 128-128 128z\"><\/path><\/svg>                                                        <\/a><\/p>\n<h2>Hero 1<\/h2>\n<p>                                                        <a href=\"https:\/\/webnakluc.inuel.sk\/wp-content\/plugins\/exclusive-addons-for-elementor\/assets\/img\/placeholder.png\" data-elementor-open-lightbox=\"default\" data-elementor-lightbox-slideshow=\"ca47254\" data-elementor-lightbox-index=\"1\"><br \/>\n                                                            <svg aria-hidden=\"true\" viewBox=\"0 0 512 512\" xmlns=\"http:\/\/www.w3.org\/2000\/svg\"><path d=\"M505 442.7L405.3 343c-4.5-4.5-10.6-7-17-7H372c27.6-35.3 44-79.7 44-128C416 93.1 322.9 0 208 0S0 93.1 0 208s93.1 208 208 208c48.3 0 92.7-16.4 128-44v16.3c0 6.4 2.5 12.5 7 17l99.7 99.7c9.4 9.4 24.6 9.4 33.9 0l28.3-28.3c9.4-9.4 9.4-24.6.1-34zM208 336c-70.7 0-128-57.2-128-128 0-70.7 57.2-128 128-128 70.7 0 128 57.2 128 128 0 70.7-57.2 128-128 128z\"><\/path><\/svg>                                                        <\/a><\/p>\n<h2>Hero 2<\/h2>\n<p>                                                        <a href=\"https:\/\/webnakluc.inuel.sk\/wp-content\/plugins\/exclusive-addons-for-elementor\/assets\/img\/placeholder.png\" data-elementor-open-lightbox=\"default\" data-elementor-lightbox-slideshow=\"ca47254\" data-elementor-lightbox-index=\"2\"><br \/>\n                                                            <svg aria-hidden=\"true\" viewBox=\"0 0 512 512\" xmlns=\"http:\/\/www.w3.org\/2000\/svg\"><path d=\"M505 442.7L405.3 343c-4.5-4.5-10.6-7-17-7H372c27.6-35.3 44-79.7 44-128C416 93.1 322.9 0 208 0S0 93.1 0 208s93.1 208 208 208c48.3 0 92.7-16.4 128-44v16.3c0 6.4 2.5 12.5 7 17l99.7 99.7c9.4 9.4 24.6 9.4 33.9 0l28.3-28.3c9.4-9.4 9.4-24.6.1-34zM208 336c-70.7 0-128-57.2-128-128 0-70.7 57.2-128 128-128 70.7 0 128 57.2 128 128 0 70.7-57.2 128-128 128z\"><\/path><\/svg>                                                        <\/a><\/p>\n<h2>Hero 3<\/h2>\n<p>                                                        <a href=\"https:\/\/webnakluc.inuel.sk\/wp-content\/plugins\/exclusive-addons-for-elementor\/assets\/img\/placeholder.png\" data-elementor-open-lightbox=\"default\" data-elementor-lightbox-slideshow=\"ca47254\" data-elementor-lightbox-index=\"3\"><br \/>\n                                                            <svg aria-hidden=\"true\" viewBox=\"0 0 512 512\" xmlns=\"http:\/\/www.w3.org\/2000\/svg\"><path d=\"M505 442.7L405.3 343c-4.5-4.5-10.6-7-17-7H372c27.6-35.3 44-79.7 44-128C416 93.1 322.9 0 208 0S0 93.1 0 208s93.1 208 208 208c48.3 0 92.7-16.4 128-44v16.3c0 6.4 2.5 12.5 7 17l99.7 99.7c9.4 9.4 24.6 9.4 33.9 0l28.3-28.3c9.4-9.4 9.4-24.6.1-34zM208 336c-70.7 0-128-57.2-128-128 0-70.7 57.2-128 128-128 70.7 0 128 57.2 128 128 0 70.7-57.2 128-128 128z\"><\/path><\/svg>                                                        <\/a><\/p>\n<h2>Hero 4<\/h2>\n<p>                                                        <a href=\"https:\/\/webnakluc.inuel.sk\/wp-content\/plugins\/exclusive-addons-for-elementor\/assets\/img\/placeholder.png\" data-elementor-open-lightbox=\"default\" data-elementor-lightbox-slideshow=\"ca47254\" data-elementor-lightbox-index=\"4\"><br \/>\n                                                            <svg aria-hidden=\"true\" viewBox=\"0 0 512 512\" xmlns=\"http:\/\/www.w3.org\/2000\/svg\"><path d=\"M505 442.7L405.3 343c-4.5-4.5-10.6-7-17-7H372c27.6-35.3 44-79.7 44-128C416 93.1 322.9 0 208 0S0 93.1 0 208s93.1 208 208 208c48.3 0 92.7-16.4 128-44v16.3c0 6.4 2.5 12.5 7 17l99.7 99.7c9.4 9.4 24.6 9.4 33.9 0l28.3-28.3c9.4-9.4 9.4-24.6.1-34zM208 336c-70.7 0-128-57.2-128-128 0-70.7 57.2-128 128-128 70.7 0 128 57.2 128 128 0 70.7-57.2 128-128 128z\"><\/path><\/svg>                                                        <\/a><\/p>\n<h2>Gallery item title<\/h2>\n<p>                                                        <a href=\"https:\/\/webnakluc.inuel.sk\/wp-content\/plugins\/exclusive-addons-for-elementor\/assets\/img\/placeholder.png\" data-elementor-open-lightbox=\"default\" data-elementor-lightbox-slideshow=\"ca47254\" data-elementor-lightbox-index=\"5\"><br \/>\n                                                            <svg aria-hidden=\"true\" viewBox=\"0 0 512 512\" xmlns=\"http:\/\/www.w3.org\/2000\/svg\"><path d=\"M505 442.7L405.3 343c-4.5-4.5-10.6-7-17-7H372c27.6-35.3 44-79.7 44-128C416 93.1 322.9 0 208 0S0 93.1 0 208s93.1 208 208 208c48.3 0 92.7-16.4 128-44v16.3c0 6.4 2.5 12.5 7 17l99.7 99.7c9.4 9.4 24.6 9.4 33.9 0l28.3-28.3c9.4-9.4 9.4-24.6.1-34zM208 336c-70.7 0-128-57.2-128-128 0-70.7 57.2-128 128-128 70.7 0 128 57.2 128 128 0 70.7-57.2 128-128 128z\"><\/path><\/svg>                                                        <\/a><\/p>\n<h2>Gallery item title<\/h2>\n","protected":false},"excerpt":{"rendered":"<p>Web na k\u013e\u00fa\u010d Vysklad\u00e1me V\u00e1\u0161 web ako Lego Call to Action \u00davodn\u00e1 \u010das\u0165 Prv\u00fd dojem je d\u00f4le\u017eit\u00fd, najm\u00e4 na webovej str\u00e1nke. Aby ste motivovali z\u00e1kazn\u00edkov a pril\u00e1kali ich k preh\u013abeniu prehliadania v\u00e1\u0161ho webu, mus\u00edte vedie\u0165, \u010do je \u00favodn\u00e1 sekcia. V\u0161etky kat 1kat 2brandingdevelopmentdesign Hero 1 Hero 2 Hero 3 Hero 4 Gallery item title Gallery [&hellip;]<\/p>\n","protected":false},"author":1,"featured_media":0,"parent":0,"menu_order":0,"comment_status":"closed","ping_status":"closed","template":"","meta":{"_et_pb_use_builder":"","_et_pb_old_content":"","_et_gb_content_width":"","footnotes":""},"class_list":["post-42","page","type-page","status-publish","hentry"],"_links":{"self":[{"href":"https:\/\/webnakluc.inuel.sk\/index.php\/wp-json\/wp\/v2\/pages\/42","targetHints":{"allow":["GET"]}}],"collection":[{"href":"https:\/\/webnakluc.inuel.sk\/index.php\/wp-json\/wp\/v2\/pages"}],"about":[{"href":"https:\/\/webnakluc.inuel.sk\/index.php\/wp-json\/wp\/v2\/types\/page"}],"author":[{"embeddable":true,"href":"https:\/\/webnakluc.inuel.sk\/index.php\/wp-json\/wp\/v2\/users\/1"}],"replies":[{"embeddable":true,"href":"https:\/\/webnakluc.inuel.sk\/index.php\/wp-json\/wp\/v2\/comments?post=42"}],"version-history":[{"count":13,"href":"https:\/\/webnakluc.inuel.sk\/index.php\/wp-json\/wp\/v2\/pages\/42\/revisions"}],"predecessor-version":[{"id":94,"href":"https:\/\/webnakluc.inuel.sk\/index.php\/wp-json\/wp\/v2\/pages\/42\/revisions\/94"}],"wp:attachment":[{"href":"https:\/\/webnakluc.inuel.sk\/index.php\/wp-json\/wp\/v2\/media?parent=42"}],"curies":[{"name":"wp","href":"https:\/\/api.w.org\/{rel}","templated":true}]}}